{"id":372,"date":"2021-09-13T13:05:12","date_gmt":"2021-09-13T13:05:12","guid":{"rendered":"http:\/\/beskydrent.cz\/?page_id=372"},"modified":"2025-04-30T08:45:35","modified_gmt":"2025-04-30T08:45:35","slug":"bagry","status":"publish","type":"page","link":"https:\/\/beskydrent.cz\/index.php\/beskydrent\/bagry\/","title":{"rendered":"Bagry a minibagry"},"content":{"rendered":"\t\t<div data-elementor-type=\"wp-page\" data-elementor-id=\"372\" class=\"elementor elementor-372\">\n\t\t\t\t\t\t<section class=\"elementor-section elementor-top-section elementor-element elementor-element-8744dc8 elementor-section-boxed elementor-section-height-default elementor-section-height-default\" data-id=\"8744dc8\" data-element_type=\"section\" data-e-type=\"section\">\n\t\t\t\t\t\t<div class=\"elementor-container elementor-column-gap-default\">\n\t\t\t\t\t<div class=\"elementor-column elementor-col-100 elementor-top-column elementor-element elementor-element-ed08237\" data-id=\"ed08237\" data-element_type=\"column\" data-e-type=\"column\">\n\t\t\t<div class=\"elementor-widget-wrap elementor-element-populated\">\n\t\t\t\t\t\t<div class=\"elementor-element elementor-element-b542695 elementor-widget elementor-widget-heading\" data-id=\"b542695\" data-element_type=\"widget\" data-e-type=\"widget\" data-widget_type=\"heading.default\">\n\t\t\t\t<div class=\"elementor-widget-container\">\n\t\t\t\t\t<h2 class=\"elementor-heading-title elementor-size-default\">BAGRY A MINIBAGRY PRO KA\u017dDOU P\u0158\u00cdLE\u017dITOST. NEV\u00cdTE, JAK\u00dd VYBRAT? ZAVOLEJTE, PORAD\u00cdME.<\/h2>\t\t\t\t<\/div>\n\t\t\t\t<\/div>\n\t\t\t\t\t<\/div>\n\t\t<\/div>\n\t\t\t\t\t<\/div>\n\t\t<\/section>\n\t\t\t\t<section class=\"elementor-section elementor-top-section elementor-element elementor-element-ba3482a elementor-section-boxed elementor-section-height-default elementor-section-height-default\" data-id=\"ba3482a\" data-element_type=\"section\" data-e-type=\"section\">\n\t\t\t\t\t\t<div class=\"elementor-container elementor-column-gap-default\">\n\t\t\t\t\t<div class=\"elementor-column elementor-col-100 elementor-top-column elementor-element elementor-element-7bb6a8d\" data-id=\"7bb6a8d\" data-element_type=\"column\" data-e-type=\"column\">\n\t\t\t<div class=\"elementor-widget-wrap elementor-element-populated\">\n\t\t\t\t\t\t<div class=\"elementor-element elementor-element-20d7115 elementor-widget elementor-widget-heading\" data-id=\"20d7115\" data-element_type=\"widget\" data-e-type=\"widget\" data-widget_type=\"heading.default\">\n\t\t\t\t<div class=\"elementor-widget-container\">\n\t\t\t\t\t<h2 class=\"elementor-heading-title elementor-size-default\">+420 604 533 577<\/h2>\t\t\t\t<\/div>\n\t\t\t\t<\/div>\n\t\t\t\t\t<\/div>\n\t\t<\/div>\n\t\t\t\t\t<\/div>\n\t\t<\/section>\n\t\t\t\t<section class=\"elementor-section elementor-top-section elementor-element elementor-element-a0fd7df elementor-section-boxed elementor-section-height-default elementor-section-height-default\" data-id=\"a0fd7df\" data-element_type=\"section\" data-e-type=\"section\">\n\t\t\t\t\t\t<div class=\"elementor-container elementor-column-gap-default\">\n\t\t\t\t\t<div class=\"elementor-column elementor-col-50 elementor-top-column elementor-element elementor-element-47e0106\" data-id=\"47e0106\" data-element_type=\"column\" data-e-type=\"column\">\n\t\t\t<div class=\"elementor-widget-wrap elementor-element-populated\">\n\t\t\t\t\t\t<div class=\"elementor-element elementor-element-6964e00 elementor-position-top elementor-widget elementor-widget-image-box\" data-id=\"6964e00\" data-element_type=\"widget\" data-e-type=\"widget\" data-widget_type=\"image-box.default\">\n\t\t\t\t<div class=\"elementor-widget-container\">\n\t\t\t\t\t<div class=\"elementor-image-box-wrapper\"><figure class=\"elementor-image-box-img\"><a href=\"https:\/\/beskydrent.cz\/index.php\/bagry\/bagr-xn12\/\" tabindex=\"-1\"><img fetchpriority=\"high\" decoding=\"async\" width=\"768\" height=\"432\" src=\"https:\/\/beskydrent.cz\/wp-content\/uploads\/2025\/04\/Bez-nazvu-1-768x432.jpg\" class=\"attachment-medium_large size-medium_large wp-image-93311\" alt=\"\" srcset=\"https:\/\/beskydrent.cz\/wp-content\/uploads\/2025\/04\/Bez-nazvu-1-768x432.jpg 768w, https:\/\/beskydrent.cz\/wp-content\/uploads\/2025\/04\/Bez-nazvu-1-300x169.jpg 300w, https:\/\/beskydrent.cz\/wp-content\/uploads\/2025\/04\/Bez-nazvu-1-1024x576.jpg 1024w, https:\/\/beskydrent.cz\/wp-content\/uploads\/2025\/04\/Bez-nazvu-1-800x450.jpg 800w, https:\/\/beskydrent.cz\/wp-content\/uploads\/2025\/04\/Bez-nazvu-1.jpg 1290w\" sizes=\"(max-width: 768px) 100vw, 768px\" \/><\/a><\/figure><div class=\"elementor-image-box-content\"><h1 class=\"elementor-image-box-title\"><a href=\"https:\/\/beskydrent.cz\/index.php\/bagry\/bagr-xn12\/\">Minibagr XN12<\/a><\/h1><p class=\"elementor-image-box-description\">Motor Kubota, Hmotnost 1200kg, l\u017e\u00edce \u00fazk\u00e1 21cm \/ \u0161irok\u00e1 47cm \/ svahov\u00e1  78cm; p\u016fdn\u00ed vrt\u00e1k \u00d820cm, zu\u017eovac\u00ed p\u00e1sy, mimoos\u00e9 kop\u00e1n\u00ed<\/p><\/div><\/div>\t\t\t\t<\/div>\n\t\t\t\t<\/div>\n\t\t\t\t\t<\/div>\n\t\t<\/div>\n\t\t\t\t<div class=\"elementor-column elementor-col-50 elementor-top-column elementor-element elementor-element-7c11901\" data-id=\"7c11901\" data-element_type=\"column\" data-e-type=\"column\">\n\t\t\t<div class=\"elementor-widget-wrap elementor-element-populated\">\n\t\t\t\t\t\t<div class=\"elementor-element elementor-element-f79618e elementor-position-top elementor-widget elementor-widget-image-box\" data-id=\"f79618e\" data-element_type=\"widget\" data-e-type=\"widget\" data-widget_type=\"image-box.default\">\n\t\t\t\t<div class=\"elementor-widget-container\">\n\t\t\t\t\t<div class=\"elementor-image-box-wrapper\"><figure class=\"elementor-image-box-img\"><a href=\"https:\/\/beskydrent.cz\/index.php\/bagry\/kangaro25\" tabindex=\"-1\"><img decoding=\"async\" width=\"768\" height=\"576\" src=\"https:\/\/beskydrent.cz\/wp-content\/uploads\/2023\/12\/0Q8A3651b-1-768x576.png\" class=\"attachment-medium_large size-medium_large wp-image-5130\" alt=\"\" srcset=\"https:\/\/beskydrent.cz\/wp-content\/uploads\/2023\/12\/0Q8A3651b-1-768x576.png 768w, https:\/\/beskydrent.cz\/wp-content\/uploads\/2023\/12\/0Q8A3651b-1-300x225.png 300w, https:\/\/beskydrent.cz\/wp-content\/uploads\/2023\/12\/0Q8A3651b-1-1024x768.png 1024w, https:\/\/beskydrent.cz\/wp-content\/uploads\/2023\/12\/0Q8A3651b-1-1536x1152.png 1536w, https:\/\/beskydrent.cz\/wp-content\/uploads\/2023\/12\/0Q8A3651b-1-2048x1536.png 2048w\" sizes=\"(max-width: 768px) 100vw, 768px\" \/><\/a><\/figure><div class=\"elementor-image-box-content\"><h3 class=\"elementor-image-box-title\"><a href=\"https:\/\/beskydrent.cz\/index.php\/bagry\/kangaro25\">Minibagr Kangaro 25<\/a><\/h3><p class=\"elementor-image-box-description\">Motor Cummins, Hmotnost 2500 kg,  objem l\u017e\u00edce 0,7 m3 , hloubka kop\u00e1n\u00ed: 2500 mm<\/p><\/div><\/div>\t\t\t\t<\/div>\n\t\t\t\t<\/div>\n\t\t\t\t\t<\/div>\n\t\t<\/div>\n\t\t\t\t\t<\/div>\n\t\t<\/section>\n\t\t\t\t<section class=\"elementor-section elementor-top-section elementor-element elementor-element-5981e73 elementor-section-boxed elementor-section-height-default elementor-section-height-default\" data-id=\"5981e73\" data-element_type=\"section\" data-e-type=\"section\">\n\t\t\t\t\t\t<div class=\"elementor-container elementor-column-gap-default\">\n\t\t\t\t\t<div class=\"elementor-column elementor-col-50 elementor-top-column elementor-element elementor-element-86fbb40\" data-id=\"86fbb40\" data-element_type=\"column\" data-e-type=\"column\">\n\t\t\t<div class=\"elementor-widget-wrap elementor-element-populated\">\n\t\t\t\t\t\t<div class=\"elementor-element elementor-element-a9f3e53 elementor-position-top elementor-widget elementor-widget-image-box\" data-id=\"a9f3e53\" data-element_type=\"widget\" data-e-type=\"widget\" data-widget_type=\"image-box.default\">\n\t\t\t\t<div class=\"elementor-widget-container\">\n\t\t\t\t\t<div class=\"elementor-image-box-wrapper\"><figure class=\"elementor-image-box-img\"><a href=\"https:\/\/beskydrent.cz\/index.php\/bagry\/bagr-we18\/\" tabindex=\"-1\"><img fetchpriority=\"high\" decoding=\"async\" width=\"768\" height=\"432\" src=\"https:\/\/beskydrent.cz\/wp-content\/uploads\/2025\/04\/Bez-nazvu-1-768x432.jpg\" class=\"attachment-medium_large size-medium_large wp-image-93311\" alt=\"\" srcset=\"https:\/\/beskydrent.cz\/wp-content\/uploads\/2025\/04\/Bez-nazvu-1-768x432.jpg 768w, https:\/\/beskydrent.cz\/wp-content\/uploads\/2025\/04\/Bez-nazvu-1-300x169.jpg 300w, https:\/\/beskydrent.cz\/wp-content\/uploads\/2025\/04\/Bez-nazvu-1-1024x576.jpg 1024w, https:\/\/beskydrent.cz\/wp-content\/uploads\/2025\/04\/Bez-nazvu-1-800x450.jpg 800w, https:\/\/beskydrent.cz\/wp-content\/uploads\/2025\/04\/Bez-nazvu-1.jpg 1290w\" sizes=\"(max-width: 768px) 100vw, 768px\" \/><\/a><\/figure><div class=\"elementor-image-box-content\"><h1 class=\"elementor-image-box-title\"><a href=\"https:\/\/beskydrent.cz\/index.php\/bagry\/bagr-we18\/\">Minibagr WOLF WE18 s kabinou<\/a><\/h1><p class=\"elementor-image-box-description\">Motor Kubota, Hmotnost 1800 kg, l\u017e\u00edce \u00fazk\u00e1 29cm, 47cm, l\u017e\u00edce svahov\u00e1 79cm, v\u00fdkyvn\u00e1 80cm; mimoos\u00e9 kop\u00e1n\u00ed<\/p><\/div><\/div>\t\t\t\t<\/div>\n\t\t\t\t<\/div>\n\t\t\t\t\t<\/div>\n\t\t<\/div>\n\t\t\t\t<div class=\"elementor-column elementor-col-50 elementor-top-column elementor-element elementor-element-69b2a76\" data-id=\"69b2a76\" data-element_type=\"column\" data-e-type=\"column\">\n\t\t\t<div class=\"elementor-widget-wrap elementor-element-populated\">\n\t\t\t\t\t\t<div class=\"elementor-element elementor-element-4e019577 elementor-position-top elementor-widget elementor-widget-image-box\" data-id=\"4e019577\" data-element_type=\"widget\" data-e-type=\"widget\" data-widget_type=\"image-box.default\">\n\t\t\t\t<div class=\"elementor-widget-container\">\n\t\t\t\t\t<div class=\"elementor-image-box-wrapper\"><figure class=\"elementor-image-box-img\"><a href=\"https:\/\/beskydrent.cz\/index.php\/bagry\/bagr-we18\/\" tabindex=\"-1\"><img decoding=\"async\" width=\"768\" height=\"768\" src=\"https:\/\/beskydrent.cz\/wp-content\/uploads\/2021\/05\/minibagr-WE18-768x768.jpg\" class=\"attachment-medium_large size-medium_large wp-image-46\" alt=\"\" srcset=\"https:\/\/beskydrent.cz\/wp-content\/uploads\/2021\/05\/minibagr-WE18-768x768.jpg 768w, https:\/\/beskydrent.cz\/wp-content\/uploads\/2021\/05\/minibagr-WE18-300x300.jpg 300w, https:\/\/beskydrent.cz\/wp-content\/uploads\/2021\/05\/minibagr-WE18-1024x1024.jpg 1024w, https:\/\/beskydrent.cz\/wp-content\/uploads\/2021\/05\/minibagr-WE18-150x150.jpg 150w, https:\/\/beskydrent.cz\/wp-content\/uploads\/2021\/05\/minibagr-WE18-1536x1536.jpg 1536w, https:\/\/beskydrent.cz\/wp-content\/uploads\/2021\/05\/minibagr-WE18.jpg 1600w\" sizes=\"(max-width: 768px) 100vw, 768px\" \/><\/a><\/figure><div class=\"elementor-image-box-content\"><h1 class=\"elementor-image-box-title\"><a href=\"https:\/\/beskydrent.cz\/index.php\/bagry\/bagr-we18\/\">Minibagr WOLF WE18<\/a><\/h1><p class=\"elementor-image-box-description\">Motor Kubota, Hmotnost 1800 kg, l\u017e\u00edce \u00fazk\u00e1 29cm, 47cm, l\u017e\u00edce svahov\u00e1 79cm, v\u00fdkyvn\u00e1 80cm; mimoos\u00e9 kop\u00e1n\u00ed; bourac\u00ed kladivo<\/p><\/div><\/div>\t\t\t\t<\/div>\n\t\t\t\t<\/div>\n\t\t\t\t\t<\/div>\n\t\t<\/div>\n\t\t\t\t\t<\/div>\n\t\t<\/section>\n\t\t\t\t<section class=\"elementor-section elementor-top-section elementor-element elementor-element-0dd2552 elementor-section-boxed elementor-section-height-default elementor-section-height-default\" data-id=\"0dd2552\" data-element_type=\"section\" data-e-type=\"section\">\n\t\t\t\t\t\t<div class=\"elementor-container elementor-column-gap-default\">\n\t\t\t\t\t<div class=\"elementor-column elementor-col-50 elementor-top-column elementor-element elementor-element-c12218f\" data-id=\"c12218f\" data-element_type=\"column\" data-e-type=\"column\">\n\t\t\t<div class=\"elementor-widget-wrap elementor-element-populated\">\n\t\t\t\t\t\t<div class=\"elementor-element elementor-element-9247c33 elementor-position-top elementor-widget elementor-widget-image-box\" data-id=\"9247c33\" data-element_type=\"widget\" data-e-type=\"widget\" data-widget_type=\"image-box.default\">\n\t\t\t\t<div class=\"elementor-widget-container\">\n\t\t\t\t\t<div class=\"elementor-image-box-wrapper\"><figure class=\"elementor-image-box-img\"><a href=\"https:\/\/beskydrent.cz\/index.php\/bagry\/minibagr-vtw-12-plus\/\" tabindex=\"-1\"><img loading=\"lazy\" decoding=\"async\" width=\"768\" height=\"576\" src=\"https:\/\/beskydrent.cz\/wp-content\/uploads\/2023\/08\/0Q8A4677-1-768x576.png\" class=\"attachment-medium_large size-medium_large wp-image-3902\" alt=\"\" srcset=\"https:\/\/beskydrent.cz\/wp-content\/uploads\/2023\/08\/0Q8A4677-1-768x576.png 768w, https:\/\/beskydrent.cz\/wp-content\/uploads\/2023\/08\/0Q8A4677-1-300x225.png 300w, https:\/\/beskydrent.cz\/wp-content\/uploads\/2023\/08\/0Q8A4677-1-1024x768.png 1024w, https:\/\/beskydrent.cz\/wp-content\/uploads\/2023\/08\/0Q8A4677-1-1536x1152.png 1536w, https:\/\/beskydrent.cz\/wp-content\/uploads\/2023\/08\/0Q8A4677-1-2048x1536.png 2048w\" sizes=\"(max-width: 768px) 100vw, 768px\" \/><\/a><\/figure><div class=\"elementor-image-box-content\"><h3 class=\"elementor-image-box-title\"><a href=\"https:\/\/beskydrent.cz\/index.php\/bagry\/minibagr-vtw-12-plus\/\">Minibagr Kangaro 12<\/a><\/h3><p class=\"elementor-image-box-description\">Motor Kubota, Hmotnost 1200 kg, l\u017e\u00edce \u00fazk\u00e1 24 cm, 42 cm, l\u017e\u00edce svahov\u00e1 97 cm<\/p><\/div><\/div>\t\t\t\t<\/div>\n\t\t\t\t<\/div>\n\t\t\t\t\t<\/div>\n\t\t<\/div>\n\t\t\t\t<div class=\"elementor-column elementor-col-50 elementor-top-column elementor-element elementor-element-5a2b366\" data-id=\"5a2b366\" data-element_type=\"column\" data-e-type=\"column\">\n\t\t\t<div class=\"elementor-widget-wrap elementor-element-populated\">\n\t\t\t\t\t\t<div class=\"elementor-element elementor-element-027e9a0 elementor-position-top elementor-widget elementor-widget-image-box\" data-id=\"027e9a0\" data-element_type=\"widget\" data-e-type=\"widget\" data-widget_type=\"image-box.default\">\n\t\t\t\t<div class=\"elementor-widget-container\">\n\t\t\t\t\t<div class=\"elementor-image-box-wrapper\"><figure class=\"elementor-image-box-img\"><a href=\"https:\/\/beskydrent.cz\/index.php\/bagry\/vtw-17plus\/\" tabindex=\"-1\"><img loading=\"lazy\" decoding=\"async\" width=\"768\" height=\"526\" src=\"https:\/\/beskydrent.cz\/wp-content\/uploads\/2023\/08\/0Q8A5148-768x526.jpg\" class=\"attachment-medium_large size-medium_large wp-image-3901\" alt=\"\" srcset=\"https:\/\/beskydrent.cz\/wp-content\/uploads\/2023\/08\/0Q8A5148-768x526.jpg 768w, https:\/\/beskydrent.cz\/wp-content\/uploads\/2023\/08\/0Q8A5148-300x206.jpg 300w, https:\/\/beskydrent.cz\/wp-content\/uploads\/2023\/08\/0Q8A5148-1024x702.jpg 1024w, https:\/\/beskydrent.cz\/wp-content\/uploads\/2023\/08\/0Q8A5148-1536x1052.jpg 1536w, https:\/\/beskydrent.cz\/wp-content\/uploads\/2023\/08\/0Q8A5148-2048x1403.jpg 2048w\" sizes=\"(max-width: 768px) 100vw, 768px\" \/><\/a><\/figure><div class=\"elementor-image-box-content\"><h3 class=\"elementor-image-box-title\"><a href=\"https:\/\/beskydrent.cz\/index.php\/bagry\/vtw-17plus\/\">Minibagr Kangaro  17 s kabinou<\/a><\/h3><p class=\"elementor-image-box-description\">Hmotnost 1700 kg, l\u017e\u00edce \u00fazk\u00e1 24 cm, 42 cm, l\u017e\u00edce svahov\u00e1 97 cm<\/p><\/div><\/div>\t\t\t\t<\/div>\n\t\t\t\t<\/div>\n\t\t\t\t\t<\/div>\n\t\t<\/div>\n\t\t\t\t\t<\/div>\n\t\t<\/section>\n\t\t\t\t<section class=\"elementor-section elementor-top-section elementor-element elementor-element-7e7b84a1 elementor-section-boxed elementor-section-height-default elementor-section-height-default\" data-id=\"7e7b84a1\" data-element_type=\"section\" data-e-type=\"section\">\n\t\t\t\t\t\t<div class=\"elementor-container elementor-column-gap-default\">\n\t\t\t\t\t<div class=\"elementor-column elementor-col-100 elementor-top-column elementor-element elementor-element-3ebdaab1\" data-id=\"3ebdaab1\" data-element_type=\"column\" data-e-type=\"column\">\n\t\t\t<div class=\"elementor-widget-wrap elementor-element-populated\">\n\t\t\t\t\t\t<div class=\"elementor-element elementor-element-2260b3fa elementor-align-center elementor-widget elementor-widget-button\" data-id=\"2260b3fa\" data-element_type=\"widget\" data-e-type=\"widget\" data-widget_type=\"button.default\">\n\t\t\t\t<div class=\"elementor-widget-container\">\n\t\t\t\t\t\t\t\t\t<div class=\"elementor-button-wrapper\">\n\t\t\t\t\t<a class=\"elementor-button elementor-button-link elementor-size-md\" href=\"https:\/\/beskydrent.cz\/index.php\/cenik\/#bagry\">\n\t\t\t\t\t\t<span class=\"elementor-button-content-wrapper\">\n\t\t\t\t\t\t\t\t\t<span class=\"elementor-button-text\">Cen\u00edk p\u016fj\u010dovn\u00e9ho<\/span>\n\t\t\t\t\t<\/span>\n\t\t\t\t\t<\/a>\n\t\t\t\t<\/div>\n\t\t\t\t\t\t\t\t<\/div>\n\t\t\t\t<\/div>\n\t\t\t\t<div class=\"elementor-element elementor-element-262fdbde elementor-align-center elementor-widget elementor-widget-button\" data-id=\"262fdbde\" data-element_type=\"widget\" data-e-type=\"widget\" data-widget_type=\"button.default\">\n\t\t\t\t<div class=\"elementor-widget-container\">\n\t\t\t\t\t\t\t\t\t<div class=\"elementor-button-wrapper\">\n\t\t\t\t\t<a class=\"elementor-button elementor-button-link elementor-size-xl\" href=\"https:\/\/beskydrent.cz\">\n\t\t\t\t\t\t<span class=\"elementor-button-content-wrapper\">\n\t\t\t\t\t\t<span class=\"elementor-button-icon\">\n\t\t\t\t<i aria-hidden=\"true\" class=\"fas fa-home\"><\/i>\t\t\t<\/span>\n\t\t\t\t\t\t\t\t\t<span class=\"elementor-button-text\">na hlavn\u00ed str\u00e1nku<\/span>\n\t\t\t\t\t<\/span>\n\t\t\t\t\t<\/a>\n\t\t\t\t<\/div>\n\t\t\t\t\t\t\t\t<\/div>\n\t\t\t\t<\/div>\n\t\t\t\t\t<\/div>\n\t\t<\/div>\n\t\t\t\t\t<\/div>\n\t\t<\/section>\n\t\t\t\t<\/div>\n\t\t","protected":false},"excerpt":{"rendered":"<p>BAGRY A MINIBAGRY PRO KA\u017dDOU P\u0158\u00cdLE\u017dITOST. NEV\u00cdTE, JAK\u00dd VYBRAT? ZAVOLEJTE, PORAD\u00cdME. +420 604 533 577 Minibagr XN12 Motor Kubota, Hmotnost 1200kg, l\u017e\u00edce \u00fazk\u00e1 21cm \/ \u0161irok\u00e1 47cm \/ svahov\u00e1 78cm; p\u016fdn\u00ed vrt\u00e1k \u00d820cm, zu\u017eovac\u00ed p\u00e1sy, mimoos\u00e9 kop\u00e1n\u00ed Minibagr Kangaro 25 Motor Cummins, Hmotnost 2500 kg, objem l\u017e\u00edce 0,7 m3 , hloubka kop\u00e1n\u00ed: 2500 mm Minibagr [&hellip;]<\/p>\n","protected":false},"author":1,"featured_media":0,"parent":2,"menu_order":0,"comment_status":"closed","ping_status":"closed","template":"elementor_header_footer","meta":{"ocean_post_layout":"","ocean_both_sidebars_style":"","ocean_both_sidebars_content_width":0,"ocean_both_sidebars_sidebars_width":0,"ocean_sidebar":"","ocean_second_sidebar":"","ocean_disable_margins":"enable","ocean_add_body_class":"","ocean_shortcode_before_top_bar":"","ocean_shortcode_after_top_bar":"","ocean_shortcode_before_header":"","ocean_shortcode_after_header":"","ocean_has_shortcode":"","ocean_shortcode_after_title":"","ocean_shortcode_before_footer_widgets":"","ocean_shortcode_after_footer_widgets":"","ocean_shortcode_before_footer_bottom":"","ocean_shortcode_after_footer_bottom":"","ocean_display_top_bar":"default","ocean_display_header":"default","ocean_header_style":"","ocean_center_header_left_menu":"","ocean_custom_header_template":"","ocean_custom_logo":0,"ocean_custom_retina_logo":0,"ocean_custom_logo_max_width":0,"ocean_custom_logo_tablet_max_width":0,"ocean_custom_logo_mobile_max_width":0,"ocean_custom_logo_max_height":0,"ocean_custom_logo_tablet_max_height":0,"ocean_custom_logo_mobile_max_height":0,"ocean_header_custom_menu":"","ocean_menu_typo_font_family":"","ocean_menu_typo_font_subset":"","ocean_menu_typo_font_size":0,"ocean_menu_typo_font_size_tablet":0,"ocean_menu_typo_font_size_mobile":0,"ocean_menu_typo_font_size_unit":"px","ocean_menu_typo_font_weight":"","ocean_menu_typo_font_weight_tablet":"","ocean_menu_typo_font_weight_mobile":"","ocean_menu_typo_transform":"","ocean_menu_typo_transform_tablet":"","ocean_menu_typo_transform_mobile":"","ocean_menu_typo_line_height":0,"ocean_menu_typo_line_height_tablet":0,"ocean_menu_typo_line_height_mobile":0,"ocean_menu_typo_line_height_unit":"","ocean_menu_typo_spacing":0,"ocean_menu_typo_spacing_tablet":0,"ocean_menu_typo_spacing_mobile":0,"ocean_menu_typo_spacing_unit":"","ocean_menu_link_color":"","ocean_menu_link_color_hover":"","ocean_menu_link_color_active":"","ocean_menu_link_background":"","ocean_menu_link_hover_background":"","ocean_menu_link_active_background":"","ocean_menu_social_links_bg":"","ocean_menu_social_hover_links_bg":"","ocean_menu_social_links_color":"","ocean_menu_social_hover_links_color":"","ocean_disable_title":"default","ocean_disable_heading":"default","ocean_post_title":"","ocean_post_subheading":"","ocean_post_title_style":"","ocean_post_title_background_color":"","ocean_post_title_background":0,"ocean_post_title_bg_image_position":"","ocean_post_title_bg_image_attachment":"","ocean_post_title_bg_image_repeat":"","ocean_post_title_bg_image_size":"","ocean_post_title_height":0,"ocean_post_title_bg_overlay":0.5,"ocean_post_title_bg_overlay_color":"","ocean_disable_breadcrumbs":"default","ocean_breadcrumbs_color":"","ocean_breadcrumbs_separator_color":"","ocean_breadcrumbs_links_color":"","ocean_breadcrumbs_links_hover_color":"","ocean_display_footer_widgets":"default","ocean_display_footer_bottom":"default","ocean_custom_footer_template":"","footnotes":""},"class_list":["post-372","page","type-page","status-publish","hentry","entry"],"_links":{"self":[{"href":"https:\/\/beskydrent.cz\/index.php\/wp-json\/wp\/v2\/pages\/372","targetHints":{"allow":["GET"]}}],"collection":[{"href":"https:\/\/beskydrent.cz\/index.php\/wp-json\/wp\/v2\/pages"}],"about":[{"href":"https:\/\/beskydrent.cz\/index.php\/wp-json\/wp\/v2\/types\/page"}],"author":[{"embeddable":true,"href":"https:\/\/beskydrent.cz\/index.php\/wp-json\/wp\/v2\/users\/1"}],"replies":[{"embeddable":true,"href":"https:\/\/beskydrent.cz\/index.php\/wp-json\/wp\/v2\/comments?post=372"}],"version-history":[{"count":18,"href":"https:\/\/beskydrent.cz\/index.php\/wp-json\/wp\/v2\/pages\/372\/revisions"}],"predecessor-version":[{"id":93448,"href":"https:\/\/beskydrent.cz\/index.php\/wp-json\/wp\/v2\/pages\/372\/revisions\/93448"}],"up":[{"embeddable":true,"href":"https:\/\/beskydrent.cz\/index.php\/wp-json\/wp\/v2\/pages\/2"}],"wp:attachment":[{"href":"https:\/\/beskydrent.cz\/index.php\/wp-json\/wp\/v2\/media?parent=372"}],"curies":[{"name":"wp","href":"https:\/\/api.w.org\/{rel}","templated":true}]}}